k(i) = -i**3 - 3*i**2 - 4*i - 7. Let s be k(-3). Suppose 2*b - 62 = -2*o, 4*o = 3*b - s*b + 134. What is the remainder when o is divided by 13?
10
Suppose 2*c = 2*m + c, 4*c = 0. Suppose -14 + m = -2*i. Suppose 0 = 5*y - 5*k - 80, -y + 6*y - 3*k - 88 = 0. What is the remainder when y is divided by i?
6
Suppose 5*f - 24 = 2*f. Let v = 3 + 2. What is the remainder when f is divided by v?
3
Suppose d = 3*d - 6. Suppose -c + 2*c + 4*b = -d, 25 = 3*c - 5*b. Suppose -4*g = 2*s - 0*g - 22, c*g = s - 11. What is the remainder when s is divided by 4?
3
Suppose -11 = 3*l - 41. Suppose 0 = -3*u + 2*u + 4, u = 4*r - 8. Suppose -r*m + 18 + 39 = 0. What is the remainder when m is divided by l?
9
Let m(n) = n**3 - 13*n**2 + 11*n + 6. Let b be m(12). Suppose -2*t + 6 + 64 = -2*f, -5*f = 0. Calculate the remainder when t is divided by (-3)/2 - 63/b.
8
Let m = 96 + -82. Calculate the remainder when 49 is divided by m.
7
Let j be (-1)/2 - 45/(-18). Let t(f) = f + 5. Let d be t(-7). Let n = j - d. Calculate the remainder when 6 is divided by n.
2
Let w(a) = a - 5. Let h be w(8). Suppose -h*k = 26 - 110. Calculate the remainder when k is divided by 10.
8
Let i(r) = 3*r. Let j be i(-7). What is the remainder when (-9)/21 + (-807)/j is divided by 10?
8
Let c(m) = 2*m + 5. Let r(s) = -2*s + 2. Let n be r(2). Let b(v) = 5*v**2 - 2*v + 1. What is the remainder when b(n) is divided by c(4)?
12
Let h be 10/((-4)/4*-2). Suppose -2*j + 2*o = -24, -h*j + 60 = -0*o - 3*o. Calculate the remainder when 33 is divided by j.
9
Let h = 28 + 3. Calculate the remainder when h is divided by 16.
15
What is the remainder when (-86)/4*(-1 + -1) is divided by 23?
20
Let t = -1 + 6. Let l be 37 - (0 + 3 + -1). Suppose 0*o + 5*o - l = 0. Calculate the remainder when o is divided by t.
2
Let u(z) = 8*z**2 - 2*z - 2. Suppose -t - 4 = -9. Suppose 4*l - 2*q + q = 60, -t*l + 66 = q. Calculate the remainder when u(2) is divided by l.
12
Suppose -9*b = -12*b + 117. Calculate the remainder when 155 is divided by b.
38
Let q be (-48)/(-22) - (-16)/(-88). Let s(c) = 2*c**2 - 3*c + 3. Suppose 8 = 3*g + g. What is the remainder when s(q) is divided by g?
1
Let p be (141/(-12))/((-2)/8). Let v(j) = -j - 1. Let w be v(-6). Suppose 5*y - p = -m, 3*y + w*m - 2 = 35. Calculate the remainder when 26 is divided by y.
8
Let n = 213 - 102. Calculate the remainder when n is divided by 29.
24
Suppose 7 = 3*h + 5*a - 41, 0 = 3*h + 4*a - 51. What is the remainder when 61 is divided by h?
19
Let u be -1 - 0 - -7 - -1. What is the remainder when 14/u - -5*4 is divided by 8?
6
What is the remainder when -1 + 0 + 0 - -10 is divided by (10/(-3))/((-4)/6)?
4
Let r(q) = q**3 - 9*q**2 - 9*q. Let k be r(10). Let b = k - -16. Calculate the remainder when b is divided by 9.
8
Let p(u) = 22*u**2 + 3*u + 2. Suppose -8*r + 5*r = 6. What is the remainder when p(r) is divided by 29?
26
Let m(w) = 5*w**3 - 4*w**2 + 4*w - 4. What is the remainder when m(2) is divided by 10?
8
Suppose 3*z - 2*z = -6. Let u = z + 6. Suppose u*f - 2*f = -18. What is the remainder when 25 is divided by f?
7
Suppose -f - 36 = -5*f. Calculate the remainder when 17 is divided by f.
8
Suppose 0 = -0*p - 3*p + 63. Let h be (-4)/(16/(-20))*5. Let n = h - 14. Calculate the remainder when p is divided by n.
10
Let s(a) = -a**3 + 7*a**2 - 1. Let n(u) = u**2 - 6*u + 5. Calculate the remainder when s(3) is divided by n(7).
11
Let b = -27 + 47. Let x(z) = -38*z**2 - 1. Let d be x(1). Let c = -28 - d. What is the remainder when b is divided by c?
9
Suppose 552 = -2*l + 8*l. What is the remainder when l is divided by 24?
20
Let y = 24 + -7. Calculate the remainder when 49 is divided by y.
15
Suppose -4*s + 311 = -l + 2*l, -5*l = 4*s - 323. Let f = 146 - s. Suppose -f = -4*x + x. Calculate the remainder when x is divided by 8.
7
Let i(n) = n**3 - 3*n**2 - 5*n + 6. Let s be i(4). Suppose s*b - 4*b + 16 = 0. Suppose 12*r = 11*r + 14. What is the remainder when r is divided by b?
6
Let l(g) = -g**3 + 3*g**2 + 5*g. Let q be l(4). Suppose -3*x = -3*m - 12, q = -4*x + 5*x + 3*m. Calculate the remainder when 6 is divided by x.
2
Let o = 52 - 50. What is the remainder when 15 is divided by o?
1
Let s(c) = c**3 + 16*c**2 + 13*c + 10. What is the remainder when 159 is divided by s(-15)?
39
Let f = -56 - -81. What is the remainder when f is divided by 7?
4
Suppose -2*a + 18 = -4. Let k = a - -2. Calculate the remainder when k is divided by 7.
6
Let i(g) = 3*g - 11. What is the remainder when 13 is divided by i(6)?
6
Let c = 149 + -144. Let h(f) = f**2 + 4*f - 8. Let x be h(-6). Let l = 9 + x. What is the remainder when l is divided by c?
3
Let p = 141 + -105. Calculate the remainder when 179 is divided by p.
35
Let f(n) = n**2 + 6*n + 22. What is the remainder when f(-7) is divided by 6?
5
What is the remainder when (82/6 + -5)*3/2 is divided by 4?
1
Suppose -50 = -2*o - 3*o. Calculate the remainder when 22 is divided by ((-24)/o)/((-3)/15).
10
Let n be (1/(-2))/(2/(-480)). Let l = n + -74. Let c = l - 32. What is the remainder when 27 is divided by c?
13
Suppose 240 = 4*g + 4*d, 5*g + d - 4*d = 284. What is the remainder when g is divided by 15?
13
Let g = 2 + 2. Suppose -3*b + 7*b - r - 8 = 0, -g*b - r + 8 = 0. Suppose 2*h - 6 = -b. What is the remainder when h is divided by 2?
0
Suppose s - 6 = 8. What is the remainder when s is divided by 4?
2
Let r = 84 - 14. Suppose -12 = -a - 0. Calculate the remainder when (3 + -1)/(4/r) is divided by a.
11
Suppose -5*g - 15 = 0, -3*i - 16 = -g - 142. What is the remainder when 81 is divided by i?
40
Let m = -54 - -113. What is the remainder when m is divided by 12?
11
Suppose -5*s + 15 = 5*k, 6*k - 2*k - 4*s = 36. What is the remainder when 27 is divided by k?
3
Calculate the remainder when (-5)/((-64)/20 + 3) is divided by 13.
12
Let d = -22 + 134. Let s = -63 + d. What is the remainder when s is divided by 17?
15
Let v(r) = -r**3 - 16*r**2 - 18*r - 32. What is the remainder when 44 is divided by v(-15)?
5
Suppose 2*j - 160 = 5*l, 0*j - 2*j + 70 = -2*l. Let z = -12 - l. Calculate the remainder when z is divided by 10.
8
Let o be ((-54)/15)/((-2)/5). Suppose 0*s = -s + o. Calculate the remainder when s is divided by 2.
1
Let f be (45/10)/((-6)/(-16)). Let s = -7 + f. Calculate the remainder when 34 is divided by 70/s + -2*1.
10
Suppose 0 = -3*d + 2*i + 10 + 9, 2*d - 8 = -i. Let l(f) = f**2 + 2*f + 6. What is the remainder when l(d) is divided by 22?
19
Let w = -237 - -102. Let p = w - -190. Let u = p + -37. What is the remainder when u is divided by 10?
8
Let q = -8 + 11. Suppose d = -q*d + 28. What is the remainder when 18 is divided by d?
4
Let l(z) = -z + 21. Let s(j) = j**3 - 6*j**2 + 3*j - 7. Suppose -2*n - 12 = -4*n. Calculate the remainder when l(0) is divided by s(n).
10
Suppose 30 = -2*u - 3*u. Let a be ((-6)/4)/(u/16). Suppose -a*y + 20 = -0*y. What is the remainder when 13 is divided by y?
3
Suppose 11*h + 7 = 3*w + 7*h, -3*w + h = -13. Calculate the remainder when 49 is divided by w.
4
Suppose 0 = -5*b - 2*r - 2*r + 125, b = 2*r + 39. Let i be 400/(-18) - (-2)/9. Let s = i - -37. What is the remainder when b is divided by s?
14
Suppose -3*w - 4*n - 18 = 215, -n - 147 = 2*w. Let b = -43 - w. What is the remainder when b is divided by 8 - ((-16)/4 + 2)?
8
Suppose q + 0*f - 5 = f, -2*f = 3*q - 30. Calculate the remainder when q is divided by 2.
0
Let n(t) = 22*t. What is the remainder when n(1) is divided by (-46)/(-4) - ((-14)/4)/7?
10
Suppose 4*t = 2*t - 12. Let m(o) = -o**2 + 2*o**2 + 5*o + 6*o - 5*o + 8. What is the remainder when 22 is divided by m(t)?
6
Let d = -25 - -57. What is the remainder when 127 is divided by d?
31
Suppose 0 = -5*r - 3*w + 56, 4*r - 41 - 17 = 2*w. Let a(m) = m**2 + 6*m - 2. Calculate the remainder when a(-9) is divided by r.
12
Suppose -4*r + y - 1 + 39 = 0, 0 = r + 3*y - 3. What is the remainder when r is divided by 3?
0
Calculate the remainder when 45 is divided by 1/(-6) + 291/18.
13
Suppose 0 = l + 2*l. Suppose l = -9*u + 5*u + 48. What is the remainder when (2/(-3))/((-4)/282) is divided by u?
11
Let p(d) = d + 1. Let f(v) = -v**2 + 8*v + 13. Let s(u) = -f(u) + 6*p(u). Calculate the remainder when 14 is divided by s(5).
6
Suppose 2*q - 40 = -6. Calculate the remainder when q is divided b